ate the highest common divisor of z and 15.
5
Let y be (-1 + -4)*68/(-10). Suppose -4*p = -5*c - y - 49, 0 = -4*p - 3*c + 91. Let s = -27184 - -27206. What is the highest common factor of p and s?
22
Suppose -4*x = 5*m - 4, 0*x + 5*x + 4*m - 14 = 0. Let i = x + 14. Let w be 214/6206 + 579/29. What is the highest common divisor of w and i?
20
Suppose 5*c = -4*m + 9640, -2*m + 3*m + 5*c - 2425 = 0. Calculate the highest common factor of 65 and m.
65
Let a(c) = 1202*c + 8606. Let p be a(-7). What is the highest common divisor of 640 and p?
64
Suppose 0 = -3*g + 6*g - 51. Let j = 16634 + -16447. What is the highest common divisor of j and g?
17
Suppose 15*h - 11*h + 2212 = 11*h. Calculate the greatest common factor of h and 3002.
158
Let r be (-546)/(-156) - 5/((-30)/9). Calculate the highest common divisor of r and 505.
5
Let o(v) = -49*v**3 - v**2 - 4*v - 2. Let i(y) = 2*y - 25. Let s be i(12). Let q be o(s). Calculate the highest common divisor of q and 75.
25
Suppose -9*o - 3*n = -13*o + 192, o - 4*n - 35 = 0. What is the highest common divisor of 2856 and o?
51
Let w(g) = 3*g**2 + 33*g - 19. Suppose -4*h - 102 + 38 = 0. Let z be w(h). Suppose 1901 = 6*p + z. Calculate the greatest common factor of 35 and p.
35
Let x(t) = -4*t - t**2 - 10*t + 5 - 14*t + 17*t. Let w be x(-4). Calculate the highest common divisor of w and 3.
3
Suppose -3*v + 9 = 2*j, -3*j - 9 = -3*v - j. Suppose 0 = 4*a - 4, -76 = v*w - a - 345. Calculate the greatest common factor of w and 270.
90
Suppose 0*d + 3*d - 3*i = 6000, -3*i = d - 2024. What is the greatest common divisor of 68 and d?
34
Suppose 0 = 4*h + 5*l - 1511, 0 = 5*h + l - 4*l - 1935. Calculate the highest common divisor of h and 6272.
128
Suppose 0 = 813*u - 1470131 - 305461. What is the highest common divisor of u and 567?
21
Let d be 12/(-20)*(-50 - (-4 - -4)). Suppose s + 33 = 35. Suppose -s*v + 360 = 2*v. Calculate the greatest common factor of d and v.
30
Suppose 2 = 57*z - 56*z. Let j be ((-4)/(-14))/((-2)/(-14)). Suppose 5*b - 5 = -0*b, -j*p + 47 = 3*b. Calculate the highest common divisor of z and p.
2
Let d be 70/6 - (-2)/6. Let r = -144635 - -145055. What is the greatest common factor of d and r?
12
Let i be ((-2)/6)/((-2199)/(-1098) - 2). Let u = i + 136. Calculate the greatest common factor of u and 182.
14
Let f be 15/6*(-580)/25. Let g = -38 - f. Let m = 15 - 7. What is the greatest common divisor of g and m?
4
Let o = 376 + -381. Let k(u) = u**2 + 2*u - 3. Let l be k(2). Let i be (-363)/o - 3/l. Calculate the highest common divisor of 24 and i.
24
Let a(h) = 48*h**2 - 326*h - 89. Let j be a(8). Calculate the highest common factor of j and 18.
3
Let p(h) = -11*h**2 - 23*h + 26*h**3 + 31*h**3 - 83*h**3 + 25*h**3 + 10. Let f be p(-10). Calculate the highest common divisor of f and 60.
20
Let x be -2 + -6 + 7 + -6. Let y be (-1129)/x - (180/42 + -4). Calculate the greatest common divisor of y and 7.
7
Suppose -p = -4*f + 87, 3*f + p - 30 - 30 = 0. Calculate the greatest common divisor of f and 489.
3
Let p(y) = y + 22. Let w be p(114). What is the greatest common divisor of w and 656?
8
Suppose 3*j + v = 128, 4*v + 67 = 2*j + 19. What is the greatest common divisor of 12260 and j?
20
Let y(j) = -j**3 + 16*j**2 - 26*j - 44. Let c be y(14). Let v(h) = -h**2 - 21*h - 48. Let l be v(c). Calculate the greatest common factor of 96 and l.
32
Let n be (-2 + -5)*(-6 - 290/(-70)). What is the highest common divisor of 28873 and n?
13
Let t(s) = s**2 + 12*s - 25. Let l be t(-14). Suppose 3*h - 4*h + 3 = l*q, -21 = -2*h - q. Calculate the greatest common divisor of h and 66.
6
Let k be 8 + (2 - 5) - -2*950/20. What is the greatest common divisor of 11300 and k?
100
Let m = 324 + -348. Let j be 19*(-2 + m/(-6)). Calculate the greatest common divisor of 190 and j.
38
Suppose -4*a - 9*j + 25617 = -10*j, 0 = 2*j - 6. What is the greatest common factor of a and 105?
105
Suppose -8 = -2*x, 0*x + x = -2*c - 450. Let i = c + 683. What is the greatest common divisor of 24 and i?
24
Let u(s) = -195*s - 30193. Let z be u(-155). Let l = 205 - 109. Calculate the greatest common factor of l and z.
32
Let v = -13566 + 13590. Calculate the highest common divisor of 2520 and v.
24
Suppose 3*a - 465 = -3*o, -o + 87 = -3*a - 56. Let h be (-10)/(-105) + 502/21. What is the highest common divisor of h and o?
8
Let m be 20*(6 - (-130)/(-25))*(-10)/(-2). What is the highest common factor of m and 8720?
80
Let j = -8062 - -8547. What is the highest common divisor of 10 and j?
5
Suppose 10*w - 301 + 901 = 35*w. What is the highest common divisor of 128 and w?
8
Suppose 4*a + 6 = a. Let c be a/(-12) - 125/(-6). What is the greatest common divisor of 105 and c?
21
Suppose 2*b = -21*l + 12*l + 180, 493 = 5*b + l. What is the greatest common factor of 1908 and b?
9
Suppose 359 - 601 = -11*d. Calculate the greatest common factor of 3223 and d.
11
Let p be (-2 - -1)/(1/(-5)). Let r be (-3)/7 + (-1415)/7*(-22)/110. Calculate the highest common divisor of r and p.
5
Suppose 40*x - 110 = 37*x + 17*q, 2*q = -5*x + 153. What is the highest common factor of x and 279?
31
Let u(h) = 2*h**2 + 20*h + 23. Let a(g) = -3*g**2 - 21*g - 22. Let j(p) = -3*a(p) - 4*u(p). Let r be j(19). Calculate the greatest common divisor of r and 45.
3
Suppose 90*g = 88*g + 1056. Let c = 560 - g. What is the highest common divisor of c and 4?
4
Let c = -25 + 41. Suppose o = -3*o + c. Suppose 3*s - o*s = -5. What is the greatest common divisor of 55 and s?
5
Let r(k) = k**2 + 9*k + 85. Let f be r(20). Suppose -31*h - f = -2029. What is the greatest common factor of 8 and h?
4
Let b be (-49)/196 - (-1)/4*421. Suppose -11*h + 192 = -b. Calculate the highest common divisor of 72 and h.
9
Let v = -1053 + 6548. Calculate the highest common factor of v and 70.
35
Suppose 5*f - 3*b - 1 = 0, f - 4*f + 4*b = 6. Suppose 2*u + 6 + 2 = 0, -u = -f*z + 12. What is the highest common divisor of z and 32?
4
Let q(g) = g**3 - 5*g**2 - 5*g + 1. Let m be q(6). Let z(k) = 411*k**2 - 10684*k - 3. Let h be z(26). Calculate the greatest common divisor of m and h.
7
Suppose -3*d = 24 - 69. What is the highest common divisor of d and 1005?
15
Suppose -19*f = -28*f - 64*f + 438. Calculate the greatest common factor of f and 2142.
6
Let o = 178 - 58. Suppose 2*p - 8 = 0, -5*l + 33 = -3*p - o. What is the highest common factor of l and 22?
11
Let y be 9 + (-13)/(104/(-96)). Suppose -2 = -l - 0*l. Suppose -2*s + 20 = l*s, -5*t = 4*s - 160. Calculate the greatest common factor of t and y.
7
Let s = 113 - 64. Let w be 309 + 1 + 4*(-4 + 3). Suppose -w*r - 7 = -307*r. What is the greatest common factor of s and r?
7
Let v(h) = -h**3 + 65*h**2 - 22*h + 1437. Let b be v(65). What is the greatest common factor of b and 20398?
7
Suppose 4*w + a = 8*w - 9772, -3*a = -4*w + 9764. Suppose 796 + w = 27*g. What is the greatest common divisor of 150 and g?
30
Suppose 5*i + t = 243, 4*t - 2*t + 186 = 4*i. Let y(h) = 2*h**2 - 583*h + 20544. Let v be y(41). What is the highest common divisor of i and v?
3
Let f(z) = z**3 - 38*z**2 - 121*z - 52. Let j be f(43). What is the highest common factor of j and 84?
42
Let i = 29 + -100. Let x = i + 107. Let t be 18/(1*1/18). What is the highest common factor of t and x?
36
Let c = 209 - 200. Let f be (1 - -3 - (9 - c)) + 248. What is the greatest common factor of f and 28?
28
Let o(q) = 2 + 25*q - 6*q - 12*q - 9*q**3 + 6*q**2. Let z be o(-1). Calculate the greatest common divisor of 250 and z.
10
Let t = 10658 + -9294. What is the highest common divisor of t and 1488?
124
Let d(l) = 659*l - 2286. Let n be d(6). Calculate the highest common factor of n and 48.
12
Let l = 11455 + -11133. What is the highest common factor of 2806 and l?
46
Let x be (-15)/(((-15)/(-45))/(8/(-6))). Calculate the highest common factor of 3156 and x.
12
Let j be 1/4 - 81/(-12). Suppose z = 4*v - 644, -483 = -3*v + 38*z - 39*z. Calculate the highest common divisor of j and v.
7
Suppose -2*g = 5*i + 267, 5*g + 9*i = 6*i - 677. Let k = g + 138. Suppose -2*x + 46 - 10 = 0. Calculate the greatest common factor of k and x.
2
Let j(r) = 2*r**2 + 4*r + 207. Let h be j(20). Suppose k - 4*i = 503, -h = -5*k + 5*i + 1353. What is the greatest common divisor of 21 and k?
21
Let q be 62/(-8) + 2/(-2*4). Let